{"id":328,"date":"2018-10-08T10:35:47","date_gmt":"2018-10-08T10:35:47","guid":{"rendered":"https:\/\/baselunar.com\/kerem2\/?page_id=328"},"modified":"2018-12-27T20:54:04","modified_gmt":"2018-12-27T20:54:04","slug":"blog-2","status":"publish","type":"page","link":"https:\/\/baselunar.com\/kerem2\/blog-2\/","title":{"rendered":"Blog"},"content":{"rendered":"<p>[et_pb_section fb_built=&#8221;1&#8243; _builder_version=&#8221;3.17.1&#8243;][et_pb_row _builder_version=&#8221;3.17.1&#8243; global_module=&#8221;510&#8243;][et_pb_column type=&#8221;1_3&#8243; _builder_version=&#8221;3.0.47&#8243; parallax=&#8221;off&#8221; parallax_method=&#8221;on&#8221;][et_pb_text _builder_version=&#8221;3.17.1&#8243; text_orientation=&#8221;center&#8221; custom_padding=&#8221;||30px|&#8221;]<\/p>\n<p>O conte\u00fado de esta se\u00e7\u00e3o est\u00e1 dispon\u00edvel apenas para usu\u00e1rios registrados.<\/p>\n<p>[\/et_pb_text][et_pb_button button_url=&#8221;https:\/\/baselunar.com\/kerem2\/blog\/&#8221; button_text=&#8221;Aceder ao blog privado&#8221; button_alignment=&#8221;center&#8221; admin_label=&#8221;Button blog&#8221; _builder_version=&#8221;3.17.1&#8243; custom_button=&#8221;on&#8221; button_text_size=&#8221;16&#8243; button_text_color=&#8221;#f79800&#8243; button_bg_color=&#8221;rgba(247,184,84,0.25)&#8221; button_icon=&#8221;%%95%%&#8221; button_icon_placement=&#8221;left&#8221; button_on_hover=&#8221;off&#8221; button_rel=&#8221;||on|on|on&#8221; custom_margin=&#8221;-40px|||&#8221; animation_style=&#8221;fade&#8221;][\/et_pb_button][\/et_pb_column][et_pb_column type=&#8221;1_3&#8243; _builder_version=&#8221;3.0.47&#8243; parallax=&#8221;off&#8221; parallax_method=&#8221;on&#8221;][et_pb_text _builder_version=&#8221;3.17.1&#8243; text_orientation=&#8221;center&#8221;]<\/p>\n<p>Desde aqui pode redefinir a sua senha<\/p>\n<p>[\/et_pb_text][et_pb_button button_url=&#8221;https:\/\/baselunar.com\/kerem2\/reset-password\/&#8221; button_text=&#8221;Redefinir a sua senha&#8221; button_alignment=&#8221;center&#8221; admin_label=&#8221;Button Reset Password&#8221; _builder_version=&#8221;3.17.1&#8243; custom_button=&#8221;on&#8221; button_text_size=&#8221;16&#8243; button_text_color=&#8221;#f79800&#8243; button_bg_color=&#8221;rgba(247,184,84,0.25)&#8221; button_use_icon=&#8221;off&#8221; custom_margin=&#8221;45px|||&#8221; animation_style=&#8221;fade&#8221;][\/et_pb_button][\/et_pb_column][et_pb_column type=&#8221;1_3&#8243; _builder_version=&#8221;3.0.47&#8243; parallax=&#8221;off&#8221; parallax_method=&#8221;on&#8221;][et_pb_text _builder_version=&#8221;3.17.1&#8243; text_orientation=&#8221;center&#8221;]<\/p>\n<p>Se tem qualquer outro problema<\/p>\n<p>[\/et_pb_text][et_pb_button button_url=&#8221;https:\/\/baselunar.com\/kerem2\/contact-form\/&#8221; button_text=&#8221;Formul\u00e1rio de contato&#8221; button_alignment=&#8221;center&#8221; admin_label=&#8221;Button Contact Form&#8221; _builder_version=&#8221;3.17.1&#8243; custom_button=&#8221;on&#8221; button_text_size=&#8221;16&#8243; button_text_color=&#8221;#f79800&#8243; button_bg_color=&#8221;rgba(247,184,84,0.25)&#8221; button_use_icon=&#8221;off&#8221; custom_margin=&#8221;45px|||&#8221; animation_style=&#8221;fade&#8221;][\/et_pb_button][\/et_pb_column][\/et_pb_row][et_pb_row _builder_version=&#8221;3.17.1&#8243;][et_pb_column type=&#8221;4_4&#8243; _builder_version=&#8221;3.0.47&#8243; parallax=&#8221;off&#8221; parallax_method=&#8221;on&#8221;][et_pb_image src=&#8221;https:\/\/baselunar.com\/kerem2\/wp-content\/uploads\/2018\/10\/Salventius_marca_agua_01.png&#8221; alt=&#8221;Salventius&#8221; title_text=&#8221;Salventius&#8221; align=&#8221;center&#8221; admin_label=&#8221;Image Salventius&#8221; _builder_version=&#8221;3.16.1&#8243; animation_style=&#8221;fade&#8221;][\/et_pb_image][\/et_pb_column][\/et_pb_row][\/et_pb_section]<\/p>\n","protected":false},"excerpt":{"rendered":"<p>O conte\u00fado de esta se\u00e7\u00e3o est\u00e1 dispon\u00edvel apenas para usu\u00e1rios registrados.Desde aqui pode redefinir a sua senhaSe tem qualquer outro problema<\/p>\n","protected":false},"author":4,"featured_media":0,"parent":0,"menu_order":0,"comment_status":"closed","ping_status":"closed","template":"","meta":{"_et_pb_use_builder":"on","_et_pb_old_content":"","_et_gb_content_width":"","footnotes":""},"class_list":["post-328","page","type-page","status-publish","hentry"],"_links":{"self":[{"href":"https:\/\/baselunar.com\/kerem2\/wp-json\/wp\/v2\/pages\/328","targetHints":{"allow":["GET"]}}],"collection":[{"href":"https:\/\/baselunar.com\/kerem2\/wp-json\/wp\/v2\/pages"}],"about":[{"href":"https:\/\/baselunar.com\/kerem2\/wp-json\/wp\/v2\/types\/page"}],"author":[{"embeddable":true,"href":"https:\/\/baselunar.com\/kerem2\/wp-json\/wp\/v2\/users\/4"}],"replies":[{"embeddable":true,"href":"https:\/\/baselunar.com\/kerem2\/wp-json\/wp\/v2\/comments?post=328"}],"version-history":[{"count":38,"href":"https:\/\/baselunar.com\/kerem2\/wp-json\/wp\/v2\/pages\/328\/revisions"}],"predecessor-version":[{"id":532,"href":"https:\/\/baselunar.com\/kerem2\/wp-json\/wp\/v2\/pages\/328\/revisions\/532"}],"wp:attachment":[{"href":"https:\/\/baselunar.com\/kerem2\/wp-json\/wp\/v2\/media?parent=328"}],"curies":[{"name":"wp","href":"https:\/\/api.w.org\/{rel}","templated":true}]}}