{"id":11,"date":"2018-09-13T14:20:28","date_gmt":"2018-09-13T14:20:28","guid":{"rendered":"https:\/\/baselunar.com\/kerem2\/?page_id=11"},"modified":"2019-02-04T18:31:26","modified_gmt":"2019-02-04T18:31:26","slug":"research-team","status":"publish","type":"page","link":"https:\/\/baselunar.com\/kerem2\/research-team\/","title":{"rendered":"Equipa"},"content":{"rendered":"<p>[et_pb_section bb_built=&#8221;1&#8243; _builder_version=&#8221;3.0.47&#8243; next_background_color=&#8221;#000000&#8243;][et_pb_row _builder_version=&#8221;3.0.48&#8243; background_size=&#8221;initial&#8221; background_position=&#8221;top_left&#8221; background_repeat=&#8221;repeat&#8221;][et_pb_column type=&#8221;4_4&#8243;][et_pb_text admin_label=&#8221;Page_tittle&#8221; _builder_version=&#8221;3.19.11&#8243; custom_margin=&#8221;-40px|||&#8221;]<\/p>\n<h3>Equipa de investiga\u00e7\u00e3o<\/h3>\n<p>[\/et_pb_text][et_pb_divider admin_label=&#8221;Divider cor laranja&#8221; _builder_version=&#8221;3.17.1&#8243; custom_margin=&#8221;-30px|||&#8221; saved_tabs=&#8221;all&#8221; global_module=&#8221;456&#8243;]<\/p>\n<p>\n&nbsp;<\/p>\n<p>[\/et_pb_divider][\/et_pb_column][\/et_pb_row][et_pb_row][et_pb_column type=&#8221;4_4&#8243;][et_pb_image admin_label=&#8221;Imagem Miguel. M. Gon\u00e7alves&#8221; src=&#8221;https:\/\/baselunar.com\/kerem2\/wp-content\/uploads\/2018\/10\/miguel_m_goncalves_2_200x200_circle.png&#8221; _builder_version=&#8221;3.19.11&#8243; align=&#8221;center&#8221; show_bottom_space=&#8221;off&#8221; border_radii=&#8221;on|0px|0px|0px|0px&#8221; module_class=&#8221;circular&#8221; alt=&#8221;Miguel Gon\u00e7alves, Professor Catedr\u00e1tico na Escola de Psicologia da Universidade do Minho&#8221; title_text=&#8221;Miguel Gon\u00e7alves, Professor Catedr\u00e1tico na Escola de Psicologia da Universidade do Minho&#8221;]<\/p>\n<p>\n&nbsp;<\/p>\n<p>[\/et_pb_image][\/et_pb_column][\/et_pb_row][et_pb_row _builder_version=&#8221;3.16.1&#8243; background_size=&#8221;initial&#8221; background_position=&#8221;top_left&#8221; background_repeat=&#8221;repeat&#8221;][et_pb_column type=&#8221;4_4&#8243;][et_pb_team_member admin_label=&#8221;Miguel M. Gon\u00e7alves&#8221; name=&#8221;Miguel M. Gon\u00e7alves&#8221; _builder_version=&#8221;3.16.1&#8243; header_level=&#8221;h3&#8243; text_orientation=&#8221;justified&#8221; header_text_align=&#8221;left&#8221; body_text_align=&#8221;justify&#8221; animation=&#8221;fade_in&#8221; text_shadow_horizontal_length=&#8221;0.08em&#8221; text_shadow_vertical_length=&#8221;0.08em&#8221; position=&#8221;SUPERVISOR&#8221;]<\/p>\n<p>\nMiguel Gon\u00e7alves, Professor Catedr\u00e1tico na Escola de Psicologia da Universidade do Minho.<\/p>\n<p>Miguel Gon\u00e7alves \u00e9 doutorado em Psicologia e Professor Catedr\u00e1tico na Escola de Psicologia da Universidade do Minho. Ao longo da sua carreira de investigador cient\u00edfico na \u00e1rea da psicoterapia publicou diversos livros, cap\u00edtulos e artigos dedicados a temas como a Terapia Narrativa de Re-autoria, a Terapia Centrada nas Solu\u00e7\u00f5es, a mudan\u00e7a narrativa em psicoterapia e a mudan\u00e7a narrativa em luto complicado. \u00c9 membro efetivo da Ordem dos Psic\u00f3logos.<\/p>\n<p>No presente projeto de investiga\u00e7\u00e3o assegura as fun\u00e7\u00f5es de supervisor das atividades desenvolvidas nas diferentes componentes do mesmo.<\/p>\n<p>[\/et_pb_team_member][et_pb_divider admin_label=&#8221;Divider cor cinza&#8221; _builder_version=&#8221;3.17.1&#8243; custom_margin=&#8221;50px|||&#8221; color=&#8221;rgba(188,188,188,0.48)&#8221; divider_position=&#8221;bottom&#8221; saved_tabs=&#8221;all&#8221; global_module=&#8221;458&#8243;]<\/p>\n<p>\n&nbsp;<\/p>\n<p>[\/et_pb_divider][\/et_pb_column][\/et_pb_row][\/et_pb_section][et_pb_section bb_built=&#8221;1&#8243; _builder_version=&#8221;3.0.47&#8243; prev_background_color=&#8221;#000000&#8243; next_background_color=&#8221;#000000&#8243;][et_pb_row][et_pb_column type=&#8221;4_4&#8243;][et_pb_image admin_label=&#8221;Imagem Jo\u00e3o Batista&#8221; src=&#8221;https:\/\/baselunar.com\/kerem2\/wp-content\/uploads\/2018\/10\/joao_baptista_200x200_circle.png&#8221; _builder_version=&#8221;3.19.11&#8243; module_class=&#8221;circular&#8221; align=&#8221;center&#8221; show_bottom_space=&#8221;off&#8221; alt=&#8221;Jo\u00e3o Batista, Investigador Cient\u00edfico na Escola de Psicologia da Universidade do Minho&#8221; title_text=&#8221;Jo\u00e3o Batista, Investigador Cient\u00edfico na Escola de Psicologia da Universidade do Minho&#8221;]<\/p>\n<p>\n&nbsp;<\/p>\n<p>[\/et_pb_image][\/et_pb_column][\/et_pb_row][et_pb_row _builder_version=&#8221;3.0.48&#8243; background_size=&#8221;initial&#8221; background_position=&#8221;top_left&#8221; background_repeat=&#8221;repeat&#8221;][et_pb_column type=&#8221;4_4&#8243;][et_pb_team_member admin_label=&#8221;Jo\u00e3o Batista&#8221; name=&#8221;Jo\u00e3o Batista&#8221; position=&#8221;ENTREVISTADOR \/ INVESTIGADOR&#8221; _builder_version=&#8221;3.19.11&#8243; header_level=&#8221;h3&#8243; text_orientation=&#8221;justified&#8221;]<\/p>\n<p>Jo\u00e3o Batista, Investigador Cient\u00edfico na Escola de Psicologia da Universidade do Minho.<\/p>\n<p>Jo\u00e3o Batista \u00e9 doutorado em Psicologia Aplicada pela Universidade do Minho e atualmente \u00e9 investigador cient\u00edfico na Escola de Psicologia da mesma institui\u00e7\u00e3o de ensino superior. Desde 2015 tem estado envolvido no estudo da mudan\u00e7a narrativa em situa\u00e7\u00f5es de luto complicado como investigador e terapeuta. \u00c9 membro efetivo da Ordem dos Psic\u00f3logos. No projeto de investiga\u00e7\u00e3o \u201cSuporte online no luto complicado\u201d assegura as fun\u00e7\u00f5es de entrevistar os potenciais participantes no projeto e acompanhar o desenrolar das atividades de prote\u00e7\u00e3o e an\u00e1lise dos dados recolhidos, bem como a dissemina\u00e7\u00e3o dos resultados do projeto em publica\u00e7\u00f5es e congressos nacionais e internacionais.<\/p>\n<p>[\/et_pb_team_member][et_pb_divider admin_label=&#8221;Divider cor cinza&#8221; _builder_version=&#8221;3.17.1&#8243; custom_margin=&#8221;50px|||&#8221; color=&#8221;rgba(188,188,188,0.48)&#8221; divider_position=&#8221;bottom&#8221; saved_tabs=&#8221;all&#8221; global_module=&#8221;458&#8243; \/][\/et_pb_column][\/et_pb_row][\/et_pb_section][et_pb_section bb_built=&#8221;1&#8243; _builder_version=&#8221;3.19.11&#8243; prev_background_color=&#8221;#000000&#8243; next_background_color=&#8221;#000000&#8243;][et_pb_row][et_pb_column type=&#8221;4_4&#8243;][et_pb_image admin_label=&#8221;Imagem Nuno Pires&#8221; src=&#8221;https:\/\/baselunar.com\/kerem2\/wp-content\/uploads\/2019\/02\/nuno_pires_200x200_circle.png&#8221; _builder_version=&#8221;3.19.11&#8243; border_color_all=&#8221;#f79800&#8243; align=&#8221;center&#8221; show_bottom_space=&#8221;off&#8221; module_class=&#8221;circular&#8221; alt=&#8221;Kerem Soylemez, Estudante de Doutoramento na Escola de Psicologia da Universidade do Minho&#8221; title_text=&#8221;Kerem Soylemez, Estudante de Doutoramento na Escola de Psicologia da Universidade do Minho&#8221;]<\/p>\n<p>\n&nbsp;<\/p>\n<p>[\/et_pb_image][\/et_pb_column][\/et_pb_row][et_pb_row _builder_version=&#8221;3.0.48&#8243; background_size=&#8221;initial&#8221; background_position=&#8221;top_left&#8221; background_repeat=&#8221;repeat&#8221;][et_pb_column type=&#8221;4_4&#8243;][et_pb_team_member admin_label=&#8221;Nuno Pires&#8221; name=&#8221;Nuno Pires&#8221; position=&#8221;ENTREVISTADOR \/ INVESTIGADOR&#8221; _builder_version=&#8221;3.19.11&#8243; header_level=&#8221;h3&#8243; text_orientation=&#8221;justified&#8221;]<\/p>\n<p>Nuno Pires \u00e9 doutorado em Psicologia Aplicada pela Universidade do Minho.<\/p>\n<p>Docente no ensino superior. Durante a sua carreira cl\u00ednica tem efetuado forma\u00e7\u00e3o em psicoterapia de grupo e individual. Tem efetuado investiga\u00e7\u00e3o na alian\u00e7a terap\u00eautica. \u00c9 membro efetivo da Ordem dos Psic\u00f3logos, com as especialidades em Psicologia Cl\u00ednica e da Sa\u00fade e Psicoterapia.<\/p>\n<p>[\/et_pb_team_member][et_pb_divider admin_label=&#8221;Divider cor cinza&#8221; _builder_version=&#8221;3.17.1&#8243; custom_margin=&#8221;50px|||&#8221; color=&#8221;rgba(188,188,188,0.48)&#8221; divider_position=&#8221;bottom&#8221; saved_tabs=&#8221;all&#8221; global_module=&#8221;458&#8243; \/][\/et_pb_column][\/et_pb_row][\/et_pb_section][et_pb_section bb_built=&#8221;1&#8243; _builder_version=&#8221;3.0.47&#8243; prev_background_color=&#8221;#000000&#8243;][et_pb_row][et_pb_column type=&#8221;4_4&#8243;][et_pb_image admin_label=&#8221;Imagem Kerem Soylemez&#8221; src=&#8221;https:\/\/baselunar.com\/kerem2\/wp-content\/uploads\/2018\/10\/kerem_soylemez_200x200_circle.png&#8221; _builder_version=&#8221;3.19.11&#8243; border_color_all=&#8221;#f79800&#8243; align=&#8221;center&#8221; show_bottom_space=&#8221;off&#8221; module_class=&#8221;circular&#8221; alt=&#8221;Kerem Soylemez, Estudante de Doutoramento na Escola de Psicologia da Universidade do Minho&#8221; title_text=&#8221;Kerem Soylemez, Estudante de Doutoramento na Escola de Psicologia da Universidade do Minho&#8221;]<\/p>\n<p>\n&nbsp;<\/p>\n<p>[\/et_pb_image][\/et_pb_column][\/et_pb_row][et_pb_row _builder_version=&#8221;3.0.48&#8243; background_size=&#8221;initial&#8221; background_position=&#8221;top_left&#8221; background_repeat=&#8221;repeat&#8221;][et_pb_column type=&#8221;4_4&#8243;][et_pb_team_member admin_label=&#8221;Kerem Soylemez&#8221; name=&#8221;Kerem Soylemez&#8221; position=&#8221;MODERADOR \/ INVESTIGADOR&#8221; _builder_version=&#8221;3.17.1&#8243; header_level=&#8221;h3&#8243; text_orientation=&#8221;justified&#8221;]<\/p>\n<p>\nKerem Soylemez, Estudante de Doutoramento na Escola de Psicologia da Universidade\u00a0do Minho.<\/p>\n<p>[\/et_pb_team_member][et_pb_divider admin_label=&#8221;Divider cor cinza&#8221; _builder_version=&#8221;3.17.1&#8243; custom_margin=&#8221;50px|||&#8221; color=&#8221;rgba(188,188,188,0.48)&#8221; divider_position=&#8221;bottom&#8221; saved_tabs=&#8221;all&#8221; global_module=&#8221;458&#8243; \/][\/et_pb_column][\/et_pb_row][\/et_pb_section]<\/p>\n","protected":false},"excerpt":{"rendered":"<p>Equipa de investiga\u00e7\u00e3o &nbsp; <div class=\"et_pb_row et_pb_row_0 et_pb_row_empty\">\n\t\t\t\t\n\t\t\t\t\n\t\t\t\t\n\t\t\t\t\n\t\t\t\t\n\t\t\t<\/div> &nbsp; Miguel Gon\u00e7alves, Professor Catedr\u00e1tico na Escola de Psicologia da Universidade do Minho. Miguel Gon\u00e7alves \u00e9 doutorado em Psicologia e Professor Catedr\u00e1tico na Escola de Psicologia da Universidade do Minho. Ao longo da sua carreira de investigador cient\u00edfico na \u00e1rea da psicoterapia publicou diversos livros, cap\u00edtulos e artigos dedicados a [&hellip;]<\/p>\n","protected":false},"author":1,"featured_media":0,"parent":0,"menu_order":0,"comment_status":"closed","ping_status":"closed","template":"","meta":{"_et_pb_use_builder":"on","_et_pb_old_content":"<p><img class=\" wp-image-100 alignleft\" src=\"https:\/\/baselunar.com\/kerem2\/wp-content\/uploads\/2018\/09\/Psychoeducation_img_002.jpg\" alt=\"\" width=\"499\" height=\"262\" \/><!-- wp:paragraph --><\/p><p>Lorem ipsum dolor sit amet, consectetur adipiscing elit. Aliquam volutpat interdum diam eget maximus. Vestibulum commodo finibus lorem. Nulla bibendum consequat fermentum. Suspendisse quis felis accumsan, malesuada metus vitae, dapibus dui. Duis ut fermentum dui. Nulla convallis in est in fermentum. Nullam in neque id odio vehicula pulvinar ac at velit. Nulla tincidunt orci eget aliquam molestie. Maecenas maximus egestas diam sit amet elementum. Vestibulum ante ipsum primis in faucibus orci luctus et ultrices posuere cubilia Curae; Vivamus maximus et ipsum nec efficitur. Class aptent taciti sociosqu ad litora torquent per conubia nostra, per inceptos himenaeos. Aliquam ut tortor rutrum, vehicula dolor at, semper turpis. Donec sed interdum ipsum. Quisque dictum in diam vel egestas.<\/p><p><!-- \/wp:paragraph --><\/p><p><!-- wp:paragraph --><\/p><p>Nullam egestas iaculis dui, vitae blandit risus luctus et. Pellentesque ac vulputate purus. Pellentesque quis dui turpis. Vivamus gravida, eros eu imperdiet dapibus, ex massa faucibus justo, quis bibendum mauris turpis ut diam. Cras luctus eu dolor sed dapibus. Quisque a diam vel justo tempus volutpat. Nullam lorem neque, rutrum vitae ex ut, dapibus maximus risus. Curabitur quis nisi ultricies, gravida nisi vel, aliquet metus. In non vestibulum ex. Curabitur sit amet risus sed nulla ultricies porta vel sed arcu. Cras dui mi, posuere et rhoncus eget, aliquam eu sapien.<\/p><p><!-- \/wp:paragraph --><\/p><p><!-- wp:paragraph --><\/p><p>Mauris in dolor dapibus, mollis nisl at, hendrerit nisl. Etiam at euismod enim. Nunc sit amet tellus augue. Quisque vitae nulla dapibus, accumsan dolor et, mollis purus. Donec pretium purus sed cursus iaculis. Suspendisse eu nisi iaculis, imperdiet sem at, lacinia est. Etiam auctor quam nulla, consectetur laoreet ante porttitor vel. Integer bibendum vestibulum pulvinar. Nullam magna nunc, rhoncus nec congue sed, varius at velit. Nunc dignissim finibus nisi, at placerat nibh.<\/p><p><!-- \/wp:paragraph --><\/p>","_et_gb_content_width":"","footnotes":""},"class_list":["post-11","page","type-page","status-publish","hentry"],"_links":{"self":[{"href":"https:\/\/baselunar.com\/kerem2\/wp-json\/wp\/v2\/pages\/11","targetHints":{"allow":["GET"]}}],"collection":[{"href":"https:\/\/baselunar.com\/kerem2\/wp-json\/wp\/v2\/pages"}],"about":[{"href":"https:\/\/baselunar.com\/kerem2\/wp-json\/wp\/v2\/types\/page"}],"author":[{"embeddable":true,"href":"https:\/\/baselunar.com\/kerem2\/wp-json\/wp\/v2\/users\/1"}],"replies":[{"embeddable":true,"href":"https:\/\/baselunar.com\/kerem2\/wp-json\/wp\/v2\/comments?post=11"}],"version-history":[{"count":75,"href":"https:\/\/baselunar.com\/kerem2\/wp-json\/wp\/v2\/pages\/11\/revisions"}],"predecessor-version":[{"id":623,"href":"https:\/\/baselunar.com\/kerem2\/wp-json\/wp\/v2\/pages\/11\/revisions\/623"}],"wp:attachment":[{"href":"https:\/\/baselunar.com\/kerem2\/wp-json\/wp\/v2\/media?parent=11"}],"curies":[{"name":"wp","href":"https:\/\/api.w.org\/{rel}","templated":true}]}}

<p>[et_pb_section bb_built=&#8221;1&#8243; _builder_version=&#8221;3.0.47&#8243; next_background_color=&#8221;#000000&#8243;][et_pb_row _builder_version=&#8221;3.0.48&#8243; background_size=&#8221;initial&#8221; background_position=&#8221;top_left&#8221; background_repeat=&#8221;repeat&#8221;][et_pb_column type=&#8221;4_4&#8243;][et_pb_text admin_label=&#8221;Page_tittle&#8221; _builder_version=&#8221;3.19.11&#8243; custom_margin=&#8221;-40px|||&#8221;]</p>
<h3>Equipa de investigação</h3>
<p>[/et_pb_text][et_pb_divider admin_label=&#8221;Divider cor laranja&#8221; _builder_version=&#8221;3.17.1&#8243; custom_margin=&#8221;-30px|||&#8221; saved_tabs=&#8221;all&#8221; global_module=&#8221;456&#8243;]</p>
<p>
&nbsp;</p>
<p>[/et_pb_divider][/et_pb_column][/et_pb_row][et_pb_row][et_pb_column type=&#8221;4_4&#8243;][et_pb_image admin_label=&#8221;Imagem Miguel. M. Gonçalves&#8221; src=&#8221;https://baselunar.com/kerem2/wp-content/uploads/2018/10/miguel_m_goncalves_2_200x200_circle.png&#8221; _builder_version=&#8221;3.19.11&#8243; align=&#8221;center&#8221; show_bottom_space=&#8221;off&#8221; border_radii=&#8221;on|0px|0px|0px|0px&#8221; module_class=&#8221;circular&#8221; alt=&#8221;Miguel Gonçalves, Professor Catedrático na Escola de Psicologia da Universidade do Minho&#8221; title_text=&#8221;Miguel Gonçalves, Professor Catedrático na Escola de Psicologia da Universidade do Minho&#8221;]</p>
<p>
&nbsp;</p>
<p>[/et_pb_image][/et_pb_column][/et_pb_row][et_pb_row _builder_version=&#8221;3.16.1&#8243; background_size=&#8221;initial&#8221; background_position=&#8221;top_left&#8221; background_repeat=&#8221;repeat&#8221;][et_pb_column type=&#8221;4_4&#8243;][et_pb_team_member admin_label=&#8221;Miguel M. Gonçalves&#8221; name=&#8221;Miguel M. Gonçalves&#8221; _builder_version=&#8221;3.16.1&#8243; header_level=&#8221;h3&#8243; text_orientation=&#8221;justified&#8221; header_text_align=&#8221;left&#8221; body_text_align=&#8221;justify&#8221; animation=&#8221;fade_in&#8221; text_shadow_horizontal_length=&#8221;0.08em&#8221; text_shadow_vertical_length=&#8221;0.08em&#8221; position=&#8221;SUPERVISOR&#8221;]</p>
<p>
Miguel Gonçalves, Professor Catedrático na Escola de Psicologia da Universidade do Minho.</p>
<p>Miguel Gonçalves é doutorado em Psicologia e Professor Catedrático na Escola de Psicologia da Universidade do Minho. Ao longo da sua carreira de investigador científico na área da psicoterapia publicou diversos livros, capítulos e artigos dedicados a temas como a Terapia Narrativa de Re-autoria, a Terapia Centrada nas Soluções, a mudança narrativa em psicoterapia e a mudança narrativa em luto complicado. É membro efetivo da Ordem dos Psicólogos.</p>
<p>No presente projeto de investigação assegura as funções de supervisor das atividades desenvolvidas nas diferentes componentes do mesmo.</p>
<p>[/et_pb_team_member][et_pb_divider admin_label=&#8221;Divider cor cinza&#8221; _builder_version=&#8221;3.17.1&#8243; custom_margin=&#8221;50px|||&#8221; color=&#8221;rgba(188,188,188,0.48)&#8221; divider_position=&#8221;bottom&#8221; saved_tabs=&#8221;all&#8221; global_module=&#8221;458&#8243;]</p>
<p>
&nbsp;</p>
<p>[/et_pb_divider][/et_pb_column][/et_pb_row][/et_pb_section][et_pb_section bb_built=&#8221;1&#8243; _builder_version=&#8221;3.0.47&#8243; prev_background_color=&#8221;#000000&#8243; next_background_color=&#8221;#000000&#8243;][et_pb_row][et_pb_column type=&#8221;4_4&#8243;][et_pb_image admin_label=&#8221;Imagem João Batista&#8221; src=&#8221;https://baselunar.com/kerem2/wp-content/uploads/2018/10/joao_baptista_200x200_circle.png&#8221; _builder_version=&#8221;3.19.11&#8243; module_class=&#8221;circular&#8221; align=&#8221;center&#8221; show_bottom_space=&#8221;off&#8221; alt=&#8221;João Batista, Investigador Científico na Escola de Psicologia da Universidade do Minho&#8221; title_text=&#8221;João Batista, Investigador Científico na Escola de Psicologia da Universidade do Minho&#8221;]</p>
<p>
&nbsp;</p>
<p>[/et_pb_image][/et_pb_column][/et_pb_row][et_pb_row _builder_version=&#8221;3.0.48&#8243; background_size=&#8221;initial&#8221; background_position=&#8221;top_left&#8221; background_repeat=&#8221;repeat&#8221;][et_pb_column type=&#8221;4_4&#8243;][et_pb_team_member admin_label=&#8221;João Batista&#8221; name=&#8221;João Batista&#8221; position=&#8221;ENTREVISTADOR / INVESTIGADOR&#8221; _builder_version=&#8221;3.19.11&#8243; header_level=&#8221;h3&#8243; text_orientation=&#8221;justified&#8221;]</p>
<p>João Batista, Investigador Científico na Escola de Psicologia da Universidade do Minho.</p>
<p>João Batista é doutorado em Psicologia Aplicada pela Universidade do Minho e atualmente é investigador científico na Escola de Psicologia da mesma instituição de ensino superior. Desde 2015 tem estado envolvido no estudo da mudança narrativa em situações de luto complicado como investigador e terapeuta. É membro efetivo da Ordem dos Psicólogos. No projeto de investigação “Suporte online no luto complicado” assegura as funções de entrevistar os potenciais participantes no projeto e acompanhar o desenrolar das atividades de proteção e análise dos dados recolhidos, bem como a disseminação dos resultados do projeto em publicações e congressos nacionais e internacionais.</p>
<p>[/et_pb_team_member][et_pb_divider admin_label=&#8221;Divider cor cinza&#8221; _builder_version=&#8221;3.17.1&#8243; custom_margin=&#8221;50px|||&#8221; color=&#8221;rgba(188,188,188,0.48)&#8221; divider_position=&#8221;bottom&#8221; saved_tabs=&#8221;all&#8221; global_module=&#8221;458&#8243; /][/et_pb_column][/et_pb_row][/et_pb_section][et_pb_section bb_built=&#8221;1&#8243; _builder_version=&#8221;3.19.11&#8243; prev_background_color=&#8221;#000000&#8243; next_background_color=&#8221;#000000&#8243;][et_pb_row][et_pb_column type=&#8221;4_4&#8243;][et_pb_image admin_label=&#8221;Imagem Nuno Pires&#8221; src=&#8221;https://baselunar.com/kerem2/wp-content/uploads/2019/02/nuno_pires_200x200_circle.png&#8221; _builder_version=&#8221;3.19.11&#8243; border_color_all=&#8221;#f79800&#8243; align=&#8221;center&#8221; show_bottom_space=&#8221;off&#8221; module_class=&#8221;circular&#8221; alt=&#8221;Kerem Soylemez, Estudante de Doutoramento na Escola de Psicologia da Universidade do Minho&#8221; title_text=&#8221;Kerem Soylemez, Estudante de Doutoramento na Escola de Psicologia da Universidade do Minho&#8221;]</p>
<p>
&nbsp;</p>
<p>[/et_pb_image][/et_pb_column][/et_pb_row][et_pb_row _builder_version=&#8221;3.0.48&#8243; background_size=&#8221;initial&#8221; background_position=&#8221;top_left&#8221; background_repeat=&#8221;repeat&#8221;][et_pb_column type=&#8221;4_4&#8243;][et_pb_team_member admin_label=&#8221;Nuno Pires&#8221; name=&#8221;Nuno Pires&#8221; position=&#8221;ENTREVISTADOR / INVESTIGADOR&#8221; _builder_version=&#8221;3.19.11&#8243; header_level=&#8221;h3&#8243; text_orientation=&#8221;justified&#8221;]</p>
<p>Nuno Pires é doutorado em Psicologia Aplicada pela Universidade do Minho.</p>
<p>Docente no ensino superior. Durante a sua carreira clínica tem efetuado formação em psicoterapia de grupo e individual. Tem efetuado investigação na aliança terapêutica. É membro efetivo da Ordem dos Psicólogos, com as especialidades em Psicologia Clínica e da Saúde e Psicoterapia.</p>
<p>[/et_pb_team_member][et_pb_divider admin_label=&#8221;Divider cor cinza&#8221; _builder_version=&#8221;3.17.1&#8243; custom_margin=&#8221;50px|||&#8221; color=&#8221;rgba(188,188,188,0.48)&#8221; divider_position=&#8221;bottom&#8221; saved_tabs=&#8221;all&#8221; global_module=&#8221;458&#8243; /][/et_pb_column][/et_pb_row][/et_pb_section][et_pb_section bb_built=&#8221;1&#8243; _builder_version=&#8221;3.0.47&#8243; prev_background_color=&#8221;#000000&#8243;][et_pb_row][et_pb_column type=&#8221;4_4&#8243;][et_pb_image admin_label=&#8221;Imagem Kerem Soylemez&#8221; src=&#8221;https://baselunar.com/kerem2/wp-content/uploads/2018/10/kerem_soylemez_200x200_circle.png&#8221; _builder_version=&#8221;3.19.11&#8243; border_color_all=&#8221;#f79800&#8243; align=&#8221;center&#8221; show_bottom_space=&#8221;off&#8221; module_class=&#8221;circular&#8221; alt=&#8221;Kerem Soylemez, Estudante de Doutoramento na Escola de Psicologia da Universidade do Minho&#8221; title_text=&#8221;Kerem Soylemez, Estudante de Doutoramento na Escola de Psicologia da Universidade do Minho&#8221;]</p>
<p>
&nbsp;</p>
<p>[/et_pb_image][/et_pb_column][/et_pb_row][et_pb_row _builder_version=&#8221;3.0.48&#8243; background_size=&#8221;initial&#8221; background_position=&#8221;top_left&#8221; background_repeat=&#8221;repeat&#8221;][et_pb_column type=&#8221;4_4&#8243;][et_pb_team_member admin_label=&#8221;Kerem Soylemez&#8221; name=&#8221;Kerem Soylemez&#8221; position=&#8221;MODERADOR / INVESTIGADOR&#8221; _builder_version=&#8221;3.17.1&#8243; header_level=&#8221;h3&#8243; text_orientation=&#8221;justified&#8221;]</p>
<p>
Kerem Soylemez, Estudante de Doutoramento na Escola de Psicologia da Universidade do Minho.</p>
<p>[/et_pb_team_member][et_pb_divider admin_label=&#8221;Divider cor cinza&#8221; _builder_version=&#8221;3.17.1&#8243; custom_margin=&#8221;50px|||&#8221; color=&#8221;rgba(188,188,188,0.48)&#8221; divider_position=&#8221;bottom&#8221; saved_tabs=&#8221;all&#8221; global_module=&#8221;458&#8243; /][/et_pb_column][/et_pb_row][/et_pb_section]</p>

<p>Equipa de investigação &nbsp; <div class="et_pb_row et_pb_row_0 et_pb_row_empty">
				
				
				
				
				
			</div> &nbsp; Miguel Gonçalves, Professor Catedrático na Escola de Psicologia da Universidade do Minho. Miguel Gonçalves é doutorado em Psicologia e Professor Catedrático na Escola de Psicologia da Universidade do Minho. Ao longo da sua carreira de investigador científico na área da psicoterapia publicou diversos livros, capítulos e artigos dedicados a [&hellip;]</p>
