{"id":29892,"date":"2017-08-31T23:22:32","date_gmt":"2017-08-31T23:22:32","guid":{"rendered":"https:\/\/baselunar.com\/flopo\/?page_id=29892"},"modified":"2017-09-17T20:23:54","modified_gmt":"2017-09-17T20:23:54","slug":"portfolio","status":"publish","type":"page","link":"https:\/\/baselunar.com\/flopo\/portfolio\/","title":{"rendered":"Portf\u00f3lio"},"content":{"rendered":"<p>[et_pb_section bb_built=&#8221;1&#8243; fullwidth=&#8221;on&#8221; specialty=&#8221;off&#8221; inner_shadow=&#8221;on&#8221; _builder_version=&#8221;3.0.72&#8243;][et_pb_fullwidth_header title=&#8221;Portf\u00f3lio&#8221; subhead=&#8221;Galer\u00eda multim\u00e9dia de projetos em curso e obras finalizadas&#8221; background_layout=&#8221;dark&#8221; text_orientation=&#8221;left&#8221; _builder_version=&#8221;3.0.72&#8243; header_fullscreen=&#8221;on&#8221; header_scroll_down=&#8221;on&#8221; image_orientation=&#8221;center&#8221; content_orientation=&#8221;center&#8221; custom_button_one=&#8221;off&#8221; button_one_letter_spacing=&#8221;0&#8243; button_one_icon_placement=&#8221;right&#8221; button_one_letter_spacing_hover=&#8221;0&#8243; custom_button_two=&#8221;off&#8221; button_two_letter_spacing=&#8221;0&#8243; button_two_icon_placement=&#8221;right&#8221; button_two_letter_spacing_hover=&#8221;0&#8243; background_image=&#8221;https:\/\/baselunar.com\/flopo\/wp-content\/uploads\/2017\/08\/slider_bg_2_satured.jpg&#8221; scroll_down_icon_color=&#8221;#edf000&#8243; animation_style=&#8221;fade&#8221; background_overlay_color=&#8221;rgba(0,0,0,0.26)&#8221; \/][\/et_pb_section][et_pb_section bb_built=&#8221;1&#8243; _builder_version=&#8221;3.0.72&#8243;][et_pb_row][et_pb_column type=&#8221;4_4&#8243;][et_pb_filterable_portfolio fullwidth=&#8221;off&#8221; posts_number=&#8221;12&#8243; show_title=&#8221;on&#8221; show_categories=&#8221;on&#8221; show_pagination=&#8221;on&#8221; background_layout=&#8221;light&#8221; background_position=&#8221;top_left&#8221; background_repeat=&#8221;repeat&#8221; background_size=&#8221;initial&#8221; _builder_version=&#8221;3.0.72&#8243; zoom_icon_color=&#8221;#000000&#8243; hover_overlay_color=&#8221;rgba(255,255,255,0.9)&#8221; border_style=&#8221;solid&#8221; include_categories=&#8221;19,20&#8243; \/][\/et_pb_column][\/et_pb_row][\/et_pb_section][et_pb_section bb_built=&#8221;1&#8243; fullwidth=&#8221;off&#8221; specialty=&#8221;off&#8221; background_color=&#8221;#fdd849&#8243; inner_shadow=&#8221;on&#8221; _builder_version=&#8221;3.0.72&#8243;][et_pb_row _builder_version=&#8221;3.0.72&#8243; background_color=&#8221;#fdd849&#8243; background_repeat_1=&#8221;no-repeat&#8221;][et_pb_column type=&#8221;4_4&#8243;][et_pb_cta admin_label=&#8221;Btt Solicitar Or\u00e7amento&#8221; title=&#8221;Renovamos, Reabilitamos, Constru\u00edmos&#8221; button_url=&#8221;https:\/\/baselunar.com\/flopo\/contacto\/&#8221; button_text=&#8221;Solicite or\u00e7amento sem compromisso&#8221; use_background_color=&#8221;on&#8221; background_color=&#8221;#fdd849&#8243; background_layout=&#8221;light&#8221; background_position=&#8221;top_left&#8221; background_repeat=&#8221;repeat&#8221; background_size=&#8221;initial&#8221; _builder_version=&#8221;3.0.75&#8243; url_new_window=&#8221;off&#8221; border_style=&#8221;solid&#8221; custom_button=&#8221;off&#8221; button_letter_spacing=&#8221;0&#8243; button_icon_placement=&#8221;right&#8221; button_letter_spacing_hover=&#8221;0&#8243; header_font=&#8221;Nunito|on|||&#8221; header_text_color=&#8221;#000000&#8243; body_font=&#8221;Nunito||||&#8221; body_text_color=&#8221;#000000&#8243; header_font_size=&#8221;33&#8243;]<\/p>\n<p>Na FL Constru\u00e7\u00f5es somos especialistas na recupera\u00e7\u00e3o, reabilita\u00e7\u00e3o e renova\u00e7\u00e3o de edif\u00edcios antigos, recupera\u00e7\u00e3o de fachadas, pintura de fachadas e impermeabiliza\u00e7\u00f5es de telhados e coberturas.<\/p>\n<p>&nbsp;<\/p>\n<p>[\/et_pb_cta][\/et_pb_column][\/et_pb_row][\/et_pb_section][et_pb_section bb_built=&#8221;1&#8243; fullwidth=&#8221;off&#8221; specialty=&#8221;off&#8221; _builder_version=&#8221;3.0.75&#8243; background_color=&#8221;#efefef&#8221; global_module=&#8221;30305&#8243;][et_pb_row global_parent=&#8221;30305&#8243; _builder_version=&#8221;3.0.75&#8243;][et_pb_column type=&#8221;1_4&#8243;][et_pb_text admin_label=&#8221;T\u00edtulo \u00faltimos projetos&#8221; global_parent=&#8221;30305&#8243; _builder_version=&#8221;3.0.75&#8243; background_layout=&#8221;light&#8221; border_style=&#8221;solid&#8221;]<\/p>\n<p><strong>\u00daltimos Projetos<\/strong><\/p>\n<p>[\/et_pb_text][et_pb_image admin_label=&#8221;Img \u00faltimos projetos&#8221; global_parent=&#8221;30305&#8243; _builder_version=&#8221;3.0.75&#8243; src=&#8221;https:\/\/baselunar.com\/flopo\/wp-content\/uploads\/2017\/09\/vila_cova.jpg&#8221; show_in_lightbox=&#8221;off&#8221; url=&#8221;https:\/\/baselunar.com\/flopo\/portfolio\/&#8221; url_new_window=&#8221;off&#8221; use_overlay=&#8221;on&#8221; always_center_on_mobile=&#8221;on&#8221; border_style=&#8221;solid&#8221; force_fullwidth=&#8221;off&#8221; show_bottom_space=&#8221;on&#8221; overlay_icon_color=&#8221;rgba(255,255,255,0.4)&#8221; hover_icon=&#8221;%%100%%&#8221; alt=&#8221;\u00daltimos Projetos&#8221; title_text=&#8221;\u00daltimos Projetos&#8221; hover_overlay_color=&#8221;rgba(255,255,255,0.4)&#8221; use_border_color=&#8221;on&#8221; border_width=&#8221;7px&#8221; \/][\/et_pb_column][et_pb_column type=&#8221;1_4&#8243;][et_pb_text admin_label=&#8221;T\u00edtulo Sobre N\u00f3s&#8221; global_parent=&#8221;30305&#8243; _builder_version=&#8221;3.0.75&#8243; background_layout=&#8221;light&#8221; border_style=&#8221;solid&#8221;]<\/p>\n<p><strong>Sobre n\u00f3s<\/strong><\/p>\n<p>[\/et_pb_text][et_pb_text admin_label=&#8221;Txt sobre n\u00f3s&#8221; global_parent=&#8221;30305&#8243; _builder_version=&#8221;3.0.75&#8243; background_layout=&#8221;light&#8221; border_style=&#8221;solid&#8221; text_font=&#8221;Nunito||||&#8221; header_font=&#8221;|on|||&#8221;]<\/p>\n<div class=\"textwidget\">\n<p><a href=\"https:\/\/baselunar.com\/flopo\/empresa\/\">Somos uma empresa do ramo da constru\u00e7\u00e3o direccionada para obras de reabilita\u00e7\u00e3o, restauro, remodela\u00e7\u00e3o, decora\u00e7\u00e3o e arquitectura de interiores de im\u00f3veis (edif\u00edcios, moradias, apartamentos, escrit\u00f3rios, restaurantes, lojas, armaz\u00e9ns, restaurantes, bares, etc).<\/a><\/p>\n<\/div>\n<p>[\/et_pb_text][\/et_pb_column][et_pb_column type=&#8221;1_4&#8243;][et_pb_text admin_label=&#8221;T\u00edtulo Mapa&#8221; global_parent=&#8221;30305&#8243; _builder_version=&#8221;3.0.75&#8243; background_layout=&#8221;light&#8221; border_style=&#8221;solid&#8221;]<\/p>\n<p><strong>Mapa Localiza\u00e7\u00e3o<\/strong><\/p>\n<p>[\/et_pb_text][et_pb_image admin_label=&#8221;Img Mapa&#8221; global_parent=&#8221;30305&#8243; _builder_version=&#8221;3.0.75&#8243; src=&#8221;https:\/\/baselunar.com\/flopo\/wp-content\/uploads\/2017\/08\/Mapa_FL2.png&#8221; show_in_lightbox=&#8221;off&#8221; url=&#8221;https:\/\/baselunar.com\/flopo\/contacto\/&#8221; url_new_window=&#8221;off&#8221; use_overlay=&#8221;on&#8221; always_center_on_mobile=&#8221;on&#8221; border_style=&#8221;solid&#8221; force_fullwidth=&#8221;off&#8221; show_bottom_space=&#8221;on&#8221; hover_icon=&#8221;%%124%%&#8221; overlay_icon_color=&#8221;rgba(255,255,255,0.4)&#8221; hover_overlay_color=&#8221;rgba(255,255,255,0.4)&#8221; use_border_color=&#8221;on&#8221; border_width=&#8221;7px&#8221; \/][\/et_pb_column][et_pb_column type=&#8221;1_4&#8243;][et_pb_text admin_label=&#8221;T\u00edtulo Dados Contacto&#8221; global_parent=&#8221;30305&#8243; _builder_version=&#8221;3.0.75&#8243; background_layout=&#8221;light&#8221; border_style=&#8221;solid&#8221;]<\/p>\n<p><strong>Dados de contacto<\/strong><\/p>\n<p>[\/et_pb_text][et_pb_text admin_label=&#8221;Txt Dados de contacto&#8221; global_parent=&#8221;30305&#8243; _builder_version=&#8221;3.0.75&#8243; background_layout=&#8221;light&#8221; border_style=&#8221;solid&#8221; text_font_size=&#8221;12&#8243; text_line_height=&#8221;1.6em&#8221;]<\/p>\n<p><b>FL Constru\u00e7\u00f5es, Lda.<\/b><\/p>\n<p><b>Alvar\u00e1:<\/b> 68930<br \/>\nhttp:\/\/www.fl.com.pt<br \/>\ngeral@fl.com.pt<br \/>\n<b>Morada:<\/b> Rua Brito e Cunha 254, 7\u00ba<br \/>\n4450-082 Matosinhos \u2013 Portugal<br \/>\n<b>T:<\/b> +351 229 386 603<br \/>\n<b>Hor\u00e1rio:<\/b> De 2\u00aa a 6\u00aa, de 9:00 a 18:00<\/p>\n<p>[\/et_pb_text][\/et_pb_column][\/et_pb_row][\/et_pb_section]<\/p>\n","protected":false},"excerpt":{"rendered":"<p><div class=\"et_pb_row et_pb_row_0 et_pb_row_empty\">\n\t\t\t\t\n\t\t\t\t\n\t\t\t\t\n\t\t\t\t\n\t\t\t\t\n\t\t\t<\/div> Na FL Constru\u00e7\u00f5es somos especialistas na recupera\u00e7\u00e3o, reabilita\u00e7\u00e3o e renova\u00e7\u00e3o de edif\u00edcios antigos, recupera\u00e7\u00e3o de fachadas, pintura de fachadas e impermeabiliza\u00e7\u00f5es de telhados e coberturas. &nbsp; \u00daltimos Projetos Sobre n\u00f3s Somos uma empresa do ramo da constru\u00e7\u00e3o direccionada para obras de reabilita\u00e7\u00e3o, restauro, remodela\u00e7\u00e3o, decora\u00e7\u00e3o e arquitectura de interiores de im\u00f3veis (edif\u00edcios, moradias, apartamentos, [&hellip;]<\/p>\n","protected":false},"author":1,"featured_media":0,"parent":0,"menu_order":0,"comment_status":"closed","ping_status":"closed","template":"","meta":{"_et_pb_use_builder":"on","_et_pb_old_content":"","_et_gb_content_width":"","footnotes":""},"class_list":["post-29892","page","type-page","status-publish","hentry"],"_links":{"self":[{"href":"https:\/\/baselunar.com\/flopo\/wp-json\/wp\/v2\/pages\/29892","targetHints":{"allow":["GET"]}}],"collection":[{"href":"https:\/\/baselunar.com\/flopo\/wp-json\/wp\/v2\/pages"}],"about":[{"href":"https:\/\/baselunar.com\/flopo\/wp-json\/wp\/v2\/types\/page"}],"author":[{"embeddable":true,"href":"https:\/\/baselunar.com\/flopo\/wp-json\/wp\/v2\/users\/1"}],"replies":[{"embeddable":true,"href":"https:\/\/baselunar.com\/flopo\/wp-json\/wp\/v2\/comments?post=29892"}],"version-history":[{"count":27,"href":"https:\/\/baselunar.com\/flopo\/wp-json\/wp\/v2\/pages\/29892\/revisions"}],"predecessor-version":[{"id":30354,"href":"https:\/\/baselunar.com\/flopo\/wp-json\/wp\/v2\/pages\/29892\/revisions\/30354"}],"wp:attachment":[{"href":"https:\/\/baselunar.com\/flopo\/wp-json\/wp\/v2\/media?parent=29892"}],"curies":[{"name":"wp","href":"https:\/\/api.w.org\/{rel}","templated":true}]}}